hat is the millions digit of 430501435?
0
What is the tens digit of 242249213?
1
What is the ten thousands digit of 72447341?
4
What is the tens digit of 10551717?
1
What is the units digit of 45947710?
0
What is the hundreds digit of 1986050627?
6
What is the ten thousands digit of 488291945?
9
What is the millions digit of 75987005?
5
What is the thousands digit of 289345053?
5
What is the hundred thousands digit of 131693626?
6
What is the tens digit of 34406594?
9
What is the ten thousands digit of 77582956?
8
What is the hundred millions digit of 2051435187?
0
What is the hundreds digit of 92460974?
9
What is the hundred thousands digit of 7718836?
7
What is the ten millions digit of 1803461109?
0
What is the tens digit of 44009062?
6
What is the tens digit of 307393970?
7
What is the ten millions digit of 878621571?
7
What is the ten millions digit of 42058581?
4
What is the ten thousands digit of 22798068?
9
What is the millions digit of 20222408?
0
What is the millions digit of 4364852950?
4
What is the ten thousands digit of 65301339?
0
What is the ten thousands digit of 50837324?
3
What is the ten thousands digit of 3487878223?
7
What is the ten millions digit of 212648865?
1
What is the millions digit of 177739131?
7
What is the ten thousands digit of 59983648?
8
What is the tens digit of 678715310?
1
What is the hundred thousands digit of 3130174416?
1
What is the thousands digit of 2175543775?
3
What is the millions digit of 1234958295?
4
What is the billions digit of 3059333734?
3
What is the tens digit of 45988661?
6
What is the units digit of 284245851?
1
What is the tens digit of 76113943?
4
What is the tens digit of 20527155?
5
What is the tens digit of 435303039?
3
What is the hundred millions digit of 687170226?
6
What is the thousands digit of 2001536219?
6
What is the ten thousands digit of 50488835?
8
What is the hundreds digit of 109092672?
6
What is the ten millions digit of 467568499?
6
What is the ten millions digit of 316964895?
1
What is the hundreds digit of 30857882?
8
What is the units digit of 756289116?
6
What is the units digit of 830586931?
1
What is the billions digit of 3298151576?
3
What is the billions digit of 2793434752?
2
What is the thousands digit of 15405141?
5
What is the thousands digit of 2709807889?
7
What is the billions digit of 2840346018?
2
What is the thousands digit of 19976093?
6
What is the hundreds digit of 43582064?
0
What is the tens digit of 4553372347?
4
What is the tens digit of 1722060201?
0
What is the hundreds digit of 1625866848?
8
What is the tens digit of 2343662081?
8
What is the millions digit of 4905584?
4
What is the units digit of 224622360?
0
What is the thousands digit of 75975528?
5
What is the billions digit of 5055302537?
5
What is the millions digit of 72365669?
2
What is the ten millions digit of 2098796738?
9
What is the hundred thousands digit of 1819455925?
4
What is the thousands digit of 314156510?
6
What is the thousands digit of 151222682?
2
What is the tens digit of 1073241544?
4
What is the millions digit of 318977478?
8
What is the ten millions digit of 538941890?
3
What is the thousands digit of 98578717?
8
What is the tens digit of 2855536930?
3
What is the millions digit of 17636001?
7
What is the ten millions digit of 31412316?
3
What is the hundred thousands digit of 5925525255?
5
What is the hundreds digit of 198046586?
5
What is the ten thousands digit of 41938951?
3
What is the units digit of 68190910?
0
What is the ten thousands digit of 672052959?
5
What is the ten millions digit of 16452674?
1
What is the tens digit of 174630129?
2
What is the tens digit of 3154783435?
3
What is the hundred millions digit of 346399285?
3
What is the tens digit of 582202968?
6
What is the hundred millions digit of 545401744?
5
What is the ten thousands digit of 2660231505?
3
What is the hundred thousands digit of 143946947?
9
What is the hundreds digit of 7897608?
6
What is the ten millions digit of 3011644109?
1
What is the tens digit of 979290730?
3
What is the hundreds digit of 7116215312?
3
What is the ten millions digit of 149837526?
4
What is the hundred millions digit of 312628955?
3
What is the ten millions digit of 59151154?
5
What is the tens digit of 491166485?
8
What is the millions digit of 32434222?
2
What is the tens digit of 4946215?
1
What is the millions digit of 994721884?
4
What is the ten thousands digit of 52096597?
9
What is the units digit of 110330366?
6
What is the ten millions digit of 608812651?
0
What is the hundreds digit of 203666166?
1
What is the thousands digit of 353958425?
8
What is the millions digit of 386200194?
6
What is the thousands digit of 72904988?
4
What is the ten millions digit of 42661962?
4
What is the millions digit of 29256626?
9
What is the billions digit of 5007199175?
5
What is the tens digit of 43820772?
7
What is the tens digit of 19677068?
6
What is the millions digit of 96407976?
6
What is the hundred millions digit of 2507062303?
5
What is the units digit of 1264108918?
8
What is the ten thousands digit of 547110347?
1
What is the millions digit of 205836859?
5
What is the tens digit of 53654493?
9
What is the millions digit of 3274820056?
4
What is the hundred millions digit of 6039963364?
0
What is the hundred millions digit of 1161740798?
1
What is the hundred millions digit of 3195489040?
1
What is the tens digit of 1494104945?
4
What is the ten millions digit of 211874276?
1
What is the tens digit of 1194704220?
2
What is the ten millions digit of 177498288?
7
What is the units digit of 4278454045?
5
What is the hundreds digit of 298303570?
5
What is the tens digit of 2633199589?
8
What is the millions digit of 133033256?
3
What is the tens digit of 610673567?
6
What is the hundreds digit of 258057435?
4
What is the thousands digit of 5664654449?
4
What is the ten thousands digit of 24695337?
9
What is the hundreds digit of 24641719?
7
What is the thousands digit of 460029302?
9
What is the thousands digit of 95702770?
2
What is the hundred millions digit of 164529612?
1
What is the ten thousands digit of 1124053306?
5
What is the ten thousands digit of 38665656?
6
What is the thousands digit of 420099455?
9
What is the ten thousands digit of 282357165?
5
What is the ten thousands digit of 931413137?
1
What is the thousands digit of 7072440231?
0
What is the hundreds digit of 50880774?
7
What is the thousands digit of 1772032758?
2
What is the hundred millions digit of 814399034?
8
What is the units digit of 1216498988?
8
What is the hundred thousands digit of 262200364?
2
What is the hundred thousands digit of 249851046?
8
What is the hundred thousands digit of 160750211?
7
What is the hundreds digit of 74178412?
4
What is the millions digit of 364292306?
4
What is the ten thousands digit of 170166877?
6
What is the hundred thousands digit of 251069577?
0
What is the hundreds digit of 197141030?
0
What is the ten millions digit of 6940712413?
4
What is the hundreds digit of 1702967205?
2
What is the hundreds digit of 1246945357?
3
What is the ten millions digit of 81956303?
8
What is the ten thousands digit of 119123845?
2
What is the units digit of 2797287349?
9
What is the hundred thousands digit of 5827092527?
0
What is the hundred millions digit of 160636798?
1
What is the hundred millions digit of 1675027705?
6
What is the ten thousands digit of 363689757?
8
What is the ten millions digit of 1427136070?
2
What is the ten millions digit of 36272205?
3
What is the hundreds digit of 37623357?
3
What is the hundreds digit of 312452065?
0
What is the tens digit of 22425698?
9
What is the ten millions digit of 76411254?
7
What is the hundred thousands digit of 57006644?
0
What is the ten thousands digit of 2484472524?
7
What is the ten thousands digit of 32309514?
0
What is the thousands digit of 44903815?
3
What is the hundred thousands digit of 303734076?
7
What is the ten thousands digit of 76971637?
7
What is the hundreds digit of 27762333?
3
What is the ten thousands digit of 39249272?
4
What is the hundreds digit of 402249806?
8
What is the units digit of 6907217089?
9
What is the hundred thousands digit of 9863703561?
7
What is the millions digit of 17554806?
7
What is the hundreds di